(-68).
498
Let k(j) = -12*j**3 - 353*j**2 + 207*j - 78. Calculate k(-30).
12
Let b(y) = 31*y - 35. Calculate b(1).
-4
Let v(d) = -3*d**2 - 27*d + 52. Give v(-10).
22
Let s(z) = 473*z - 14160. Calculate s(30).
30
Let z(r) = 15*r**3 - 4*r**2 + 5*r - 3. Calculate z(1).
13
Let y(a) = 3*a**3 - 7*a**2 - 28*a - 94. Determine y(-4).
-286
Let m(f) = f**2 - 29*f + 57. Give m(22).
-97
Let l(g) = 2*g**3 + 6*g**2 - 759*g - 60. Give l(-21).
3
Let n(d) = -d**3 + 37*d**2 - 37*d + 45. What is n(36)?
9
Let j(z) = 5*z**2 + 17*z + 19. Calculate j(-2).
5
Let k(r) = 2*r**2 + 385*r + 1878. Calculate k(-5).
3
Let x(w) = 109*w - 552. What is x(5)?
-7
Let w(n) = -1443*n + 34622. Calculate w(24).
-10
Let v(s) = 3*s - 83. Determine v(22).
-17
Let t(n) = n**2 + 94*n + 859. Determine t(-10).
19
Let i(h) = -13*h**2 - 190*h - 128. Give i(-14).
-16
Let u(f) = 67*f + 596. What is u(-7)?
127
Let i(z) = 10*z**2 - 86*z + 72. Calculate i(0).
72
Let p(f) = f**3 + 251*f**2 + 1706*f - 27. What is p(-7)?
-13
Let b(t) = 34*t + 237. Give b(-6).
33
Let d(g) = -g**3 + 100*g**2 + 8324*g - 1226. Determine d(154).
6
Let w(g) = -g**2 + 21*g + 42. What is w(-3)?
-30
Let g(h) = -h**3 + 73*h**2 - 1123*h + 18. What is g(22)?
-4
Let g(p) = -p**2 + 80*p - 1181. What is g(20)?
19
Let c(p) = -2*p**2 - 73*p - 33. Give c(-35).
72
Let x(n) = 8524*n - 255726. What is x(30)?
-6
Let t(q) = -q**3 - 64*q**2 + 2*q - 324. Determine t(-64).
-452
Let k(h) = h**2 + 3*h - 97. Determine k(15).
173
Let a(z) = 538*z - 6456. Determine a(12).
0
Let r(t) = -6*t + 35. What is r(3)?
17
Let b(a) = 966*a + 14503. Give b(-15).
13
Let x(k) = -15*k**2 - 174*k + 30. Determine x(-12).
-42
Let j(b) = -7*b**2 + 141*b - 253. Determine j(19).
-101
Let c(f) = 13*f + 53. What is c(-4)?
1
Let o(y) = 2*y**3 + 17*y**2 + 32*y + 43. Give o(-8).
-149
Let m(i) = -2*i**3 - 9*i**2 + 27*i - 22. Calculate m(-6).
-76
Let v(w) = -4*w**3 - 84*w**2 - 476*w + 14. Determine v(-6).
710
Let w(q) = -q**2 - 22*q - 3. Calculate w(0).
-3
Let z(u) = 12*u - 276. What is z(19)?
-48
Let t(y) = -y**2 + 1761*y - 34823. What is t(20)?
-3
Let d(v) = -20*v + 434. Determine d(22).
-6
Let q(z) = -167*z**2 + 4351*z - 245. Give q(26).
-11
Let c(h) = 4*h**2 - 1460*h - 40666. Calculate c(-26).
-2
Let r(u) = u**3 - 10*u**2 - 52*u - 46. Calculate r(-2).
10
Let n(r) = r**3 - 8*r**2 + 16*r - 36. Give n(9).
189
Let j(k) = -2*k**3 + 27*k**2 - 23*k + 80. What is j(15)?
-940
Let f(r) = r**3 + 2*r**2 + 17*r + 100. Determine f(-4).
0
Let i(n) = 3154*n - 56783. What is i(18)?
-11
Let j(y) = -7*y**3 - 70*y**2 - 109*y + 37. Give j(-8).
13
Let h(i) = 3*i**3 + 18*i**2 + i - 18. What is h(-7)?
-172
Let i(w) = 6*w**2 + 42*w + 22. Calculate i(-12).
382
Let r(c) = 9*c**2 - 51*c - 458. Calculate r(-5).
22
Let t(a) = -a**3 + 16*a**2 - 20*a + 11. Determine t(7).
312
Let o(c) = c**3 + 9*c**2 - 23*c + 29. Determine o(-12).
-127
Let t(v) = -v**3 + 7*v**2 - 7*v + 15. Calculate t(5).
30
Let b(r) = 17*r + 830. Determine b(-52).
-54
Let l(s) = s**3 + 9*s**2 + 7*s + 197. Give l(-10).
27
Let h(n) = 5*n**3 + 2*n**2 - 63*n - 64. What is h(-1)?
-4
Let o(p) = -8*p + 130. Give o(15).
10
Let g(v) = v**2 - 87*v + 492. Give g(6).
6
Let n(t) = t**3 + 44*t**2 + 50*t - 80. What is n(-43)?
-381
Let z(h) = -h**3 + 92*h**2 - 79*h - 1091. Calculate z(91).
1
Let q(k) = k**3 + 2*k**2 - 259*k + 65. What is q(15)?
5
Let c(u) = -u**2 + 5*u - 10. What is c(2)?
-4
Let r(n) = -5000*n - 19971. What is r(-4)?
29
Let x(l) = -2*l**3 + 71*l**2 - 44*l + 51. Determine x(35).
-264
Let g(p) = -p**3 + 56*p**2 + 115*p - 49. Determine g(58).
-107
Let n(a) = -9*a**2 - 111*a - 71. Determine n(-12).
-35
Let f(q) = 64*q - 11981. Give f(187).
-13
Let v(w) = w**3 - 43*w**2 - 184*w - 178. Calculate v(47).
10
Let f(b) = -188*b - 2606. Give f(-14).
26
Let d(l) = -4*l**2 - 33*l - 12. Calculate d(-9).
-39
Let q(x) = -x**3 - 31*x**2 + 12*x + 344. Calculate q(-31).
-28
Let y(c) = 4*c**3 - 19*c**2 - 29*c + 125. Calculate y(5).
5
Let r(z) = -781*z - 14090. Calculate r(-18).
-32
Let w(s) = -17*s**2 + 50*s - 5. Determine w(3).
-8
Let i(w) = w**2 + 3*w + 2. Give i(-3).
2
Let m(a) = 17*a + 361. Calculate m(-21).
4
Let x(c) = 3*c**2 + 88*c + 165. Determine x(-2).
1
Let j(v) = -32*v - 1421. Calculate j(-36).
-269
Let y(o) = -20080*o + 60243. Calculate y(3).
3
Let c(k) = -k**3 - 9*k**2 - 10*k - 25. Determine c(-8).
-9
Let p(f) = -2*f**2 - 3*f + 14. What is p(-6)?
-40
Let y(x) = -1731*x - 8651. Calculate y(-5).
4
Let h(f) = -f**2 + 66*f + 8732. Determine h(-66).
20
Let n(q) = 5*q**2 - 45*q - 164. Calculate n(11).
-54
Let o(r) = 4*r**2 + 36*r - 350. Calculate o(10).
410
Let h(j) = -j**2 - 56*j - 413. What is h(-9)?
10
Let a(o) = -5*o**3 - 51*o**2 - 2*o + 59. Calculate a(-10).
-21
Let z(q) = -4*q**2 + 48*q + 3466. Give z(36).
10
Let p(g) = -g**3 + 41*g**2 + 47*g - 45. What is p(42)?
165
Let l(r) = -r**3 - 18*r**2 - 22*r + 174. Determine l(-16).
14
Let y(a) = -14*a + 217. What is y(6)?
133
Let q(x) = -2*x**3 - 27*x**2 + 23*x - 56. Give q(-14).
-182
Let w(a) = 8876*a + 35506. What is w(-4)?
2
Let m(p) = -21*p + 29. Determine m(9).
-160
Let q(m) = -m**3 + 4*m**2 + 17*m - 40. Determine q(3).
20
Let d(r) = 8*r + 690. Give d(19).
842
Let h(p) = 4*p**3 - p**2 + 2*p + 20. Determine h(-2).
-20
Let j(g) = 4*g**2 + 81*g - 273. Calculate j(-21).
-210
Let g(c) = 46*c - 1834. Give g(40).
6
Let i(c) = -c**3 + 13*c**2 - 9*c - 27. Calculate i(13).
-144
Let x(m) = -3*m**3 + m**2 + 3*m + 15. Calculate x(4).
-149
Let r(w) = -w**2 + 110*w - 996. Give r(10).
4
Let t(y) = 3*y**3 - y**2 - 4*y + 7. What is t(-2)?
-13
Let u(x) = 25*x + 29. Determine u(-3).
-46
Let z(o) = 12522*o + 475841. What is z(-38)?
5
Let u(h) = h**3 - 92*h**2 + 9*h - 834. Determine u(92).
-6
Let w(s) = -s**3 - 15*s**2 - 18*s - 92. Determine w(-14).
-36
Let g(n) = -n**3 - 5*n**2 + 29*n - 208. Determine g(-10).
2
Let u(a) = -167*a - 14300. What is u(-86)?
62
Let n(w) = -w**3 - 43*w**2 - 458*w + 61. Determine n(-23).
15
Let n(c) = -2*c**2 - 17*c + 55. Calculate n(-15).
-140
Let p(c) = c**2 - 87*c - 2523. Give p(110).
7
Let u(q) = 84*q - 2833. Determine u(34).
23
Let g(q) = -q**3 + 10*q**2 + 260*q + 82. What is g(22)?
-6
Let l(n) = 197*n - 2567. Give l(13).
-6
Let j(n) = -4*n**3 + 4*n + 4. What is j(-1)?
4
Let f(n) = 6*n**3 - 64*n**2 - 34*n + 139. Give f(11).
7
Let w(y) = y**3 - 5*y**2 + 23*y - 9. Determine w(6).
165
Let v(s) = -s**3 - 8*s**2 + 12*s + 120. What is v(-5)?
-15
Let n(v) = v**2 - 38*v + 62. Calculate n(15).
-283
Let l(v) = -5*v**3 + 4*v**2 + 4*v - 9. Calculate l(4).
-249
Let s(o) = o**2 + 41*o + 306. Calculate s(-7).
68
Let a(i) = 229*i - 13721. Give a(60).
19
Let n(v) = 3*v**2 + 375*v - 12852. What is n(28)?
0
Let v(d) = -d**3 + 76*d**2 - d + 87. Calculate v(76).
11
Let s(k) = 94*k + 182. Determine s(-2).
-6
Let j(u) = -u**2 - 612*u - 7792. What is j(-13)?
-5
Let o(h) = h**3 - 361*h**2 + 1470*h - 14985. Calculate o(357).
9
Let h(k) = 7*k**3 - 406*k**2 - 10*k + 323. Determine h(58).
-257
Let h(y) = y**3 - y**2 - 8*y + 347. Determine h(-7).
11
Let i(a) = 3741*a + 8. What is i(0)?
8
Let v(m) = -m**3 - 57*m**2 - 109*m + 36. Determine v(-55).
-19
Let p(c) = 85*c + 481. Determine p(-5).
56
Let u(o) = -6921*o - 27678. What is u(-4)?
6
Let y(o) = -o**2 + 17*o + 245. Calculate y(27).
-25
Let b(r) = -63*r - 1706. Calculate b(-27).
-5
Let b(q) = q**3 + 8*q**2 - 2*q + 175. Give b(-10).
-5
Let d(x) = -51*x + 381. Give d(13).
-282
Let r(i) = -1023*i + 20458. Calculate r(20).
-2
Let d(y) = -3*y**2 - 34*y - 8. Determine d(-12).
-32
Let r(g) = -7*g**2 - 20*g - 82. Determine r(-4).
-114
Let h(v) = -3*v**3 + 71*v**2 - 416*v + 25. Determine h(13).
25
Let w(m) = 101*m**2 - 412*m + 23. Determine w(4).
-9
Let i(g) = 3*g**3 + 9*g**2 - 3*g - 11. What is i(-3)?
-2
Let d(v) = -40*v + 633. Calculate d(13).
113
Let q(z) = 3*z**2 + 25*z - 6. What is q(7)?
316
Let h(m) = -12*m + 225. Give h(-15).
405
Let v(z) = z**2 + 723*z - 3641. Give v(5).
-1
Let i(h) = 58*h + 867. Calculate i(-8).
403
Let i(a) = -19*a + 1814. Calculate i(95).
9
Let z(x) = 191*x + 4608. Give z(-24).
24
Let d(g) = 10023*g + 10038. Calculate d(-1).
15
Let g(f) = -9834*f + 29496. Calculate g(3).
-6
Let y(f) = -f**2 + 22*f - 27. Determine y(19).
30
Let c(l) = -l**2 + 7*l + 977. Determine c(-28).
-3
Let t(h) = h**3 + 3*h**2 - 73*h - 277. Calculate t(-4).
-1
Let s(t